28142482.
102
Calculate the greatest common divisor of 10674 and 1758.
6
Calculate the greatest common factor of 522 and 5161536.
522
Calculate the highest common factor of 908939 and 438277.
2159
Calculate the greatest common factor of 16168437 and 18029.
149
Calculate the highest common factor of 3458131 and 5254.
37
What is the highest common divisor of 141011788 and 916?
916
What is the greatest common divisor of 91750208 and 2544?
848
Calculate the highest common divisor of 475 and 284643275.
475
What is the greatest common factor of 25616376 and 24?
24
Calculate the highest common divisor of 60 and 48948555.
15
Calculate the greatest common divisor of 79990690 and 195.
65
Calculate the highest common divisor of 2454130 and 2030.
70
What is the greatest common factor of 1666 and 1315356?
98
What is the highest common divisor of 616 and 3029015?
11
Calculate the greatest common divisor of 5024 and 1113444.
628
What is the highest common divisor of 952 and 17124338?
238
What is the greatest common divisor of 914400 and 181800?
1800
What is the greatest common divisor of 56885 and 2716375?
155
Calculate the greatest common factor of 854265228 and 2878.
2878
What is the highest common factor of 370 and 999230?
10
Calculate the greatest common factor of 401481 and 1359.
9
Calculate the highest common factor of 714 and 10612692.
102
What is the highest common divisor of 165123 and 22527?
9
What is the greatest common factor of 6322230 and 279396?
3582
Calculate the highest common divisor of 1995171 and 4080.
51
Calculate the greatest common factor of 1053 and 387472410.
1053
Calculate the greatest common divisor of 548169 and 587404.
1121
Calculate the greatest common divisor of 103506 and 6058.
26
Calculate the highest common factor of 63 and 2295825399.
63
What is the highest common divisor of 11001662 and 3546?
394
Calculate the greatest common divisor of 151 and 1877334378.
151
What is the greatest common factor of 240 and 153405690?
30
What is the highest common factor of 201227 and 44551?
299
Calculate the greatest common factor of 3688 and 13369.
461
Calculate the highest common divisor of 524 and 23647334.
262
Calculate the highest common factor of 22200 and 54279.
111
Calculate the greatest common divisor of 694540385 and 517.
517
What is the highest common divisor of 73276 and 80724?
28
Calculate the greatest common divisor of 258727628 and 89.
89
What is the highest common factor of 4292316 and 3066?
42
Calculate the highest common divisor of 3015 and 1058580.
45
What is the greatest common divisor of 10096 and 7275430?
1262
What is the greatest common factor of 87870688 and 160?
32
What is the greatest common divisor of 91314 and 61670770?
3382
Calculate the highest common divisor of 6042 and 599589.
159
Calculate the greatest common divisor of 19033 and 105015937.
2719
Calculate the highest common factor of 21450 and 717450.
150
What is the highest common factor of 396680284 and 2548?
2548
Calculate the greatest common factor of 252397 and 514679.
659
What is the greatest common divisor of 25547888 and 32?
16
What is the highest common factor of 25576 and 1787123?
3197
Calculate the greatest common divisor of 3566240 and 14012.
124
What is the highest common divisor of 5955800272 and 16?
16
Calculate the greatest common factor of 32 and 18474352.
16
What is the greatest common factor of 12 and 6639510?
6
What is the highest common divisor of 16 and 38971928?
8
What is the greatest common factor of 2795975 and 17150?
175
What is the highest common divisor of 5629448 and 4131?
17
Calculate the greatest common divisor of 5667001 and 1445.
289
What is the greatest common divisor of 5012040 and 10560?
1320
Calculate the highest common factor of 1252 and 204313254.
626
What is the greatest common divisor of 4900273 and 57981?
1757
Calculate the highest common factor of 142 and 95865052.
142
Calculate the highest common factor of 16 and 249298928.
16
What is the highest common factor of 25158 and 211512?
42
Calculate the highest common factor of 73739 and 2622.
19
What is the greatest common divisor of 18949470 and 58290?
870
Calculate the greatest common divisor of 117106500 and 5283.
1761
Calculate the greatest common factor of 46656 and 19792.
16
What is the highest common divisor of 403110267 and 753?
753
What is the greatest common divisor of 9 and 1214589141?
9
Calculate the greatest common divisor of 9389394 and 426.
6
Calculate the highest common divisor of 3194570 and 30.
10
Calculate the greatest common divisor of 270 and 781730.
10
What is the highest common factor of 234256 and 18656?
176
What is the highest common factor of 107569 and 38357?
121
Calculate the greatest common divisor of 10804235 and 1690.
65
What is the greatest common factor of 2754 and 608958?
162
Calculate the greatest common factor of 36739927 and 6475.
259
Calculate the highest common factor of 116 and 5361549.
29
What is the highest common factor of 3 and 75464624?
1
What is the greatest common divisor of 12913230 and 251300?
3590
Calculate the highest common divisor of 6528 and 55922112.
3264
Calculate the highest common divisor of 3437305 and 5.
5
Calculate the highest common factor of 151848 and 372.
12
Calculate the highest common divisor of 147 and 12528663.
147
What is the highest common divisor of 427131 and 792?
9
What is the greatest common factor of 8662 and 422521?
71
What is the greatest common divisor of 692339 and 39803?
53
What is the highest common divisor of 79355920 and 280?
280
What is the greatest common divisor of 3952 and 272464?
16
What is the highest common divisor of 204 and 141915252?
204
Calculate the greatest common factor of 388 and 1083116.
4
What is the highest common factor of 83900 and 933700?
100
What is the highest common factor of 208 and 4727440?
16
What is the highest common factor of 41 and 65210213?
41
Calculate the greatest common factor of 33920 and 385310.
530
Calculate the greatest common factor of 11722206 and 174.
174
What is the greatest common factor of 548594 and 430?
86
What is the greatest common divisor of 296 and 38909459?
37
Calculate the greatest common divisor of 213139786 and 2846.
2846
Calculate the greatest common divisor of 26967 and 53025.
303
What is the highest common divisor of 204 and 1584621?
51
Calculate the highest common divisor of 4153002 and 11102.
854
What is the greatest common divisor of 7884032 and 112?
16
What is the greatest common factor of 186 and 436424169?
93
Calculate the greatest common factor of 193904 and 92.
4
Calculate the greatest common divisor of 24 and 7631256.
24
What is the greatest common divisor of 36544 and 103488?
64
Calculate the greatest common divisor of 1936 and 1654433.
121
What is the highest common factor of 16665341 and 589985?
6941
Calculate the greatest common factor of 14238 and 606942.
126
What is the greatest common factor of 2144 and 68986148?
268
Calculate the greatest common factor of 35 and 570981775.
35
What is the greatest common factor of 4715575 and 1180?
295
Calculate the highest common divisor of 220 and 1735.
5
What is the greatest common divisor of 58659936 and 56?
8
What is the greatest common factor of 2982490 and 7672?
1918
Calculate the greatest common factor of 963 and 25367031.
9
Calculate the greatest common factor of 5283 and 3219108.
1761
Calculate the highest common divisor of 3393 and 38141844.
1131
What is the highest common divisor of 11210043 and 91?
13
Calculate the greatest common factor of 16131 and 143619670.
5377
Calculate the highest common factor of 36052124 and 1343.
79
What is the greatest common divisor of 880000 and 48?
16
Calculate the greatest common divisor of 68202 and 3699.
27
What is the highest common divisor of 139992 and 177600?
24
Calculate the highest common divisor of 240730730 and 11150.
2230
Calculate the highest common factor of 575319 and 19.
1
Calculate the highest common factor of 38570 and 30409690.
5510
Calculate the highest common divisor of 1333 and 3251807.
31
Calculate the greatest common divisor of 27516888 and 6048.
1512
What is the greatest common factor of 728480 and 3401120?
4640
What is the greatest common factor of 178194465 and 4806?
2403
Calculate the highest common diviso